/3 + 2*w**3/3 - 3*w**2/2 + 39*w + 13. Suppose -4*v + 2*m + 14 = 0, v - 2 = 3*v + 2*m. What is b(v)?
-3
Let k(w) = -w**2 + 2*w + 3. Suppose 6 = -2*j - 4*s, -3*j = 5*s - 2 + 7. Suppose 2*z + j*n = -0*z + 8, -3*n = 5*z - 20. Give k(z).
-5
Let l(f) = 2. Let r(a) = -a. Let n(u) = -l(u) - r(u). Let k = -331 + 325. Determine n(k).
-8
Let y be (-12)/(-21) - 120/(-35). Suppose 0 = -5*p - 16 - y. Let w(x) = -4*x - 2. What is w(p)?
14
Suppose 0 = -3*u + 4*j + 32, 2*j - 3*j = 5. Let v(g) be the first derivative of g**3/3 - 3*g**2/2 - g + 291. Calculate v(u).
3
Let v(p) = -p**3 - 3*p + 4*p - 6*p**2 + 134 - 132. Let j be 2*(-45)/(-12)*-2. Let k = j - -9. Give v(k).
-4
Let c(s) = 175*s + 2. Let a be c(1). Suppose 0 = 5*b + m + a, -65 = 2*b - 4*m + 19. Let j be (-24)/b*6/(-4). Let o(r) = 4*r**3 - r - 1. Calculate o(j).
-4
Let w(r) = -6*r + 4. Let u = 261 - 258. Determine w(u).
-14
Let h(t) = t**2 + t + 1. Let q(y) = 2*y**2 - y - 1. Let n be 2/(-28)*-6 + (-8)/(-14). Let j(p) = n*h(p) - q(p). Calculate j(-3).
-13
Let p(v) = -v - 3*v + 3*v + 6 - 2. Suppose 0 = 3*h + 5*k - 41, 0 = -3*k + 12. Determine p(h).
-3
Let u(g) = 0 + 7 + 225*g - 226*g. Suppose 5*o - 4*k - 85 = k, -3*k = -4*o + 66. Suppose -4*b = -b - o. Determine u(b).
2
Let u = 40 + -36. Suppose -2*t - 4 = 3*y - u*t, -2*t + 4 = -5*y. Let o(d) = -d**2 + d + 4. Give o(y).
4
Let q = 255 - 255. Let s(l) be the second derivative of l**6/720 + l**4/12 + l. Let u(m) be the third derivative of s(m). Give u(q).
0
Let b(d) = d**2 + 2*d. Suppose -2*f + 3*f + 4*v = 4, 0 = 2*f - v + 28. Let i = -11 - f. Let c(m) = -2*m**2 + 1. Let l be c(i). Determine b(l).
-1
Let y be (3*(-1)/(-6))/((-2)/(-16)). Let l(w) be the second derivative of w**5/20 - w**4/4 - 5*w**3/6 + 3*w**2/2 - w. Calculate l(y).
-1
Let n(h) = -h**3 - 7*h**2 - 2*h - 10. Suppose -v - z - 6 = 0, 0 = -7*v + 6*v + 3*z - 10. Calculate n(v).
4
Let g(b) = -7*b**2 - 12*b + 5. Let s(j) = 6*j**2 + 11*j - 4. Let f(h) = 5*g(h) + 6*s(h). Give f(-4).
-7
Let m(a) = a**3 + 5*a**2 + a - 2. Let i be 270/(-5)*(-2)/(-4). Let k = i - -37. Let u = k + -12. What is m(u)?
8
Suppose y + 2 = 0, -3*y + 5*y = -c - 2. Suppose 4 = -0*u + c*u. Suppose 3*s + 30 = -3*w, 5*w - 4*s + 15 = -u*s. Let p(r) = -r**2 - 5*r - 1. What is p(w)?
-1
Let n(b) = 52*b - 48. Let f be n(1). Let i(o) = 3*o - 2. Let j(d) = 1. Let p(l) = i(l) - 2*j(l). Give p(f).
8
Let v(u) be the first derivative of -2*u**2 - 1/4*u**4 + 4/3*u**3 + 11 + 3*u. Calculate v(2).
3
Let x(f) = 5336*f - 5327*f + 3 + 3 - 1 - 2. Give x(-1).
-6
Let q(s) = -2*s + 23. Suppose 7*f = 2*f - 5, -5*j - 4*f = -51. Determine q(j).
1
Let w(x) = 13*x + 3. Let t(g) = -24*g - 4. Let s(q) = -6*t(q) - 11*w(q). What is s(17)?
8
Let v(g) be the third derivative of -3*g**5/20 - g**4/12 - g**3/6 - 76*g**2. Let h be 2 + 3/(-1) - -6. Suppose 5*r = 5*b - 10, -2*r = r - 2*b + h. What is v(r)?
-8
Let a be 121/(-11) - (0 + -4). Let v(r) = -r**3 - 2*r**2 - 12*r + 6. Let d(c) = -c**3 - 3*c**2 - 11*c + 6. Let z(n) = -6*d(n) + 5*v(n). Determine z(a).
1
Suppose 0*a = -2*a + 4*u + 54, 135 = 5*a + 2*u. Let b(y) = -a + 12 + 9 - 5*y**2 - y - y**3. Give b(-5).
-1
Let j(t) = t**3 - t**2 - t + 2. Let k(b) = -16*b + 2 + 3*b + 10*b + 8*b. Let o be k(1). Let q = -5 + o. Determine j(q).
4
Let p(f) = -53*f + 25. Let k(y) = 13*y - 6. Let d(h) = 9*k(h) + 2*p(h). Let a(o) = 21*o - 7. Let g(z) = 3*a(z) - 5*d(z). Calculate g(1).
7
Let r(l) = -l**2 + 2*l - 3. Let i = -384 - -389. Calculate r(i).
-18
Let j(t) = 5*t + 4*t - 20*t + 4. Calculate j(-3).
37
Let n(b) be the third derivative of b**5/60 + b**4/4 + b**3 - 19*b**2. Let h be (-44)/7 + 2/7. Let s be n(h). Let o(w) = w**2 - 7*w + 7. Give o(s).
1
Let w(m) = -5*m + 10. Suppose 13*t + 294 = 346. Give w(t).
-10
Let n(c) = 6*c**3 - 2*c**2 + 2*c - 1. Let g(r) = 2*r + 19. Let j be 2/(-7) - 122/14. Let q be g(j). Calculate n(q).
5
Suppose 2*v - 20 = -2*k, 2*k - 5 = -0*k + v. Suppose -5*m = -9 - 16, -k*m + 35 = 5*w. Let u(t) = -t**2 - 3*t + 2. Determine u(w).
-8
Let s(h) be the second derivative of h**4/12 - h**3 - h**2/2 + 8*h. Let w(j) = 1. Let n(t) = s(t) - 3*w(t). Calculate n(3).
-13
Let n(c) = 13*c - c**3 - 6*c**2 - 5*c + 50 + 52 - 104. Determine n(-7).
-9
Let g(q) be the first derivative of -q**4/4 - 3*q**3 + 5*q**2/2 + 3*q + 66. What is g(-9)?
-42
Let y(i) = 12*i - 1. Let o(u) = 2*u. Let l(v) = -11*o(v) + 2*y(v). What is l(6)?
10
Let v be ((-6)/20)/(8/(-80)). Let w(u) = u**3 - u**2 + u - 4. Give w(v).
17
Let z(s) be the first derivative of s**3/3 + 6*s**2 + 15*s - 21. Calculate z(-10).
-5
Let f(s) be the first derivative of -8 - 2*s**2 - 1/3*s**3 - 8*s. Let n(g) be the first derivative of f(g). Give n(-3).
2
Let p(q) = -8*q - 2. Let j be p(-1). Suppose 2*o = -j, 6*o = -3*w + 2*o - 27. Let t(z) = -z**3 - 4*z**2 + 5*z + 5. What is t(w)?
5
Suppose -d + 0 = -8. Suppose s + 2 = d. Let j = s - 1. Let m(w) = 3*w - 5. Calculate m(j).
10
Let p(b) = 7*b + 2. Let l be p(0). Let c(n) be the third derivative of 0*n - 2/3*n**3 - 2*n**l - 1/24*n**4 + 0. What is c(3)?
-7
Let o(j) = -j**3 + 25*j**2 - 2*j + 16. Let t(f) = -f**3 + 22*f**2 - 2*f + 16. Let v(g) = -5*o(g) + 6*t(g). What is v(7)?
2
Let o(x) = x - 1. Let r(m) = -m**3 + 5*m**2 - 2*m + 15. Let a(w) = -6*o(w) - r(w). Calculate a(6).
3
Let g(r) = -r**3 + 6*r**2 - r + 6. Let k be (-6)/8 - 28/(-16). Let a(b) = -k + 12 + 0 + b. Let o be a(-5). Determine g(o).
0
Let d(h) = 2*h**3 + h**2 - 3*h + 2. Let r be d(1). Let o(z) = -z**r - 12*z**3 - z + 20*z**3 - 2 + 1. Determine o(-1).
-9
Suppose 0 = -0*x + 5*x + 40. Let s(k) = -4*k**3 - 7*k**2 + 5*k - 2. Let m(o) = -o**3 - o. Let t(c) = -3*m(c) + s(c). Give t(x).
-2
Let p(w) be the first derivative of -12 - 5/4*w**4 + 0*w + 1/3*w**3 + 0*w**2. Give p(-1).
6
Let n(z) = -60*z - 62*z + z**2 - 58*z + 232*z + 9 - 59*z. Determine n(10).
39
Let j(b) be the third derivative of -b**5/60 - b**4/12 + 5*b**3/3 - 75*b**2. Determine j(-5).
-5
Let t(v) be the second derivative of 0 - v**2 - 2/3*v**3 + 46*v + 1/12*v**4. Determine t(3).
-5
Let m(i) = -i**3 + 2*i + 1. Let r(l) = -17*l**3 + l**2 - 4*l - 2. Let q(u) = -2*m(u) - r(u). Give q(1).
18
Let g(w) = w**3 - 4*w**2 - 3*w + 6. Let i = 14 + -11. Suppose 0 = 2*r - 3*r + i. Let m be (-1 + 0 + r)*2. What is g(m)?
-6
Let m(o) = 2*o + 9. Suppose -2*a = 3*k - 98, 0 = -5*k + 2*a + 182 - 8. Let g = k + -41. What is m(g)?
-5
Let h(v) = 3*v + 4*v**3 - 2*v**3 - v**3 + 6*v - 2*v - 10*v**2 + 11. Calculate h(9).
-7
Let h(g) = -7*g**3 - 12*g**2 - 5*g + 2. Let a(v) = -7*v**3 - 16*v**2 - 6*v + 4. Let s(y) = -2*a(y) + 3*h(y). Give s(-2).
44
Let l(x) = -3*x**2 - 60*x - 9. Let k be l(-20). Let b(w) = 3*w**2 + 27*w + 6. What is b(k)?
6
Let i(m) be the third derivative of -m**6/120 - m**5/20 + m**4/8 - m**3/2 - m**2 + 2*m. Let r = 5 + -9. What is i(r)?
1
Suppose 2 = -3*s + 5. Let q(v) = -22*v + 27*v + 3 - 3. What is q(s)?
5
Let y be (1/50)/(432/180). Let h(v) be the third derivative of 0 - 7*v**2 - 7/6*v**3 + 0*v**4 - y*v**6 + 0*v**5 + 0*v. Determine h(0).
-7
Suppose 1 + 8 = 3*u. Let o(h) = -7*h - h**3 - 17 - u*h**2 + 13 - 4*h**2. Give o(-6).
2
Let k(v) = -v**3 - 5*v**2 - 3*v. Suppose 8*i - 13 = 19. Suppose 12 = -7*l + i*l. What is k(l)?
-4
Suppose -4 - 4 = -2*u. Suppose 0 = -11*w + 957 + 33. Let h(p) = -w + p**3 - 4*p**2 - 3*p + 92 + 0*p**2. What is h(u)?
-10
Suppose 16*z - 11 = 133. Let w(v) be the third derivative of -1/6*v**3 - 7/24*v**4 + 0*v - z*v**2 - 1/60*v**5 + 0. Give w(-3).
11
Suppose 15 = 5*g + 5*x, 0 = 2*g - 4*g + 2*x - 2. Let y(l) be the third derivative of -l**5/15 + l**3/6 + 57*l**2. Determine y(g).
-3
Suppose 0 = -l - 2*x - 2, 10*x = -3*l + 7*x - 12. Let j(d) = -4*d**2 + 6*d + 15*d**2 + 2 - 10*d**2. Determine j(l).
2
Let b(v) = -8*v**2 - 2*v + 1. Let k be b(1). Let c(p) = -p**2 - 10*p - 13. Let r(g) = -3*g**2 - 30*g - 39. Let i(w) = 17*c(w) - 6*r(w). Calculate i(k).
4
Let h(p) be the first derivative of -2*p**2 + 1/3*p**3 - 7*p - 9. Let f be h(5). Let l(c) = -c**3 - 2*c**2 + 2*c - 1. Determine l(f).
-5
Let g(d) = -d**3 + 2*d - 1. Let m(f) = -3*f**3 - 19*f**2 - 13*f + 28. Let t(j) = 4*g(j) - m(j). What is t(20)?
-12
Suppose 3*p + 48 = 7*p. Let g(x) = x. Let w(z) be the first derivative of -4*z**2 + 2*z + 121. Let t(r) = p*g(r) + 2*w(r). Calculate t(-3).
16
Let h(z) = z**3 - 8*z**2 + 12*z - 1. Let n be h(6). Let t(d) = -